
5, 7
Suppose 4*j = -0*p - 5*p + 233, 4*p = 5*j + 211. List the prime factors of p.
7
Suppose 0 = 2*y - 5*l - 29, -4*y = 4*l - 2*l - 46. Let c = y + -7. Suppose 3*k = -o - c - 1, 23 = 2*o - k. List the prime factors of o.
3
Suppose -1 = -5*z + 9. What are the prime factors of 21/z*(-304)/(-57)?
2, 7
List the prime factors of 693*(-2)/(-18)*3.
3, 7, 11
Suppose 0 = -5*y + 3*y + 2, 2*x - 1 = 5*y. Suppose -73 = -x*a + 80. Suppose -5*u = s - a, -4*s + 6 - 2 = 0. List the prime factors of u.
2, 5
Suppose -470 = -3*f + 3*c - 2*c, -2*f = 5*c - 336. List the prime factors of f.
2, 79
Let p be (-7 - -3)*55/(-10). List the prime factors of 20/110 - (-700)/p.
2
Let u(r) = 6*r**2 + r. Let f be u(1). Let m = f - -20. What are the prime factors of m?
3
Let p(v) = v**2 - v - 5. Let q(t) = -t - 1. Let a(r) = -p(r) + q(r). Let w be a(0). Let k(n) = -n**3 + 4*n**2 + 2*n - 2. What are the prime factors of k(w)?
2, 3
Let t be 5*((-42)/(-15) - 2). Let b be (10/t)/((-1)/(-2)). Suppose 0*x = 2*x + b*i - 21, i = -x + 12. What are the prime factors of x?
13
Suppose 15 = 5*p, w - p - 4*p = 152. What are the prime factors of w?
167
Let o = 6 - 8. List the prime factors of o/(-6) - (-116)/12.
2, 5
Let v = 10 - 4. Suppose f - v*f + 15 = 0. Suppose -f*b + 4*l + 68 = -l, b - l - 20 = 0. What are the prime factors of b?
2
What are the prime factors of (-2 - 3/1)/(2/(-26))?
5, 13
Let y = -34 + 91. What are the prime factors of y?
3, 19
Suppose t + 5*r - 2*r = 82, r - 149 = -2*t. List the prime factors of t.
73
Let v(n) be the third derivative of n**6/120 + 7*n**5/60 - 5*n**4/12 - 5*n**3/3 - n**2. Let b = -8 + 0. What are the prime factors of v(b)?
2, 3
Let a = 6 + 39. Suppose 6*h - a = h. What are the prime factors of h?
3
Let z(k) = k**3 - 3*k**2 - 4*k - 3. Let t be z(4). Let r(d) = -d + 4. List the prime factors of r(t).
7
Let a be (-24)/(-10) + 15/25. Let p = a - -2. What are the prime factors of p?
5
Suppose -3*f + 11 = -1. Let k be 8/(-3)*(-6)/f. Suppose k = s - 3. What are the prime factors of s?
7
Let n be (-6)/(-9) + (-84)/(-9). List the prime factors of (-334)/(-22) + n/(-55).
3, 5
Let m be ((-3)/9)/(5/(-60)). Suppose -m*g = -5*o + 29, 4*o + o - g - 41 = 0. What are the prime factors of o?
3
Let u(y) = y**3 + 12*y**2 - 33*y - 14. List the prime factors of u(-14).
2, 7
Let c(a) = a**3 + 9*a**2 + 2. Let j be c(-9). Let u be (0 - 1)*j/(-1). Suppose 5*k - 2*r = 121, 7*r - 6*r = u*k - 49. What are the prime factors of k?
23
What are the prime factors of -2 - (-27)/(-6)*40/(-15)?
2, 5
Let o be -2*((-6)/3 - -1). Let n(a) = 13*a + 1. What are the prime factors of n(o)?
3
Suppose m - 2*g - 280 = -3*m, -5*m - 5*g + 320 = 0. What are the prime factors of m?
2, 17
Let v(s) = s**3 - s**2 - s + 50. What are the prime factors of v(0)?
2, 5
Suppose -5*u = -4*x + 5*x - 23, 23 = 4*x - 3*u. Let k = 34 + x. List the prime factors of k.
2, 3, 7
Let m = 26 + -16. Suppose -7*b = -2*b - m. Suppose 5*v = 3*v + 4*w + 14, -b*w + 58 = 4*v. What are the prime factors of v?
13
Suppose 5*k = l + 34, 5*k - 3*l - 20 = 22. Let f = k - 3. Suppose 4*t - 27 - 5 = -2*b, -t - f*b = 2. List the prime factors of t.
2, 5
Suppose 10 = x - 2. Let s = x - 7. What are the prime factors of s?
5
Let g(u) = -u**2 + 25. Let n be g(0). Let w = -14 + n. What are the prime factors of w?
11
Suppose -2*s = -3*s. Suppose s = -q + 4*q - 30. List the prime factors of q.
2, 5
Let v(x) = -2 + 4*x - 3 - 5 + 0*x. List the prime factors of v(13).
2, 3, 7
Let t = 10 + -7. Suppose -i + 14 = 5*w - 49, 0 = w - 5*i + t. Let c = w + -7. List the prime factors of c.
5
Let k(g) be the first derivative of g**3/3 + g**2 + 6*g + 3. Let b be k(-5). Suppose -b = -0*l - 3*l. List the prime factors of l.
7
What are the prime factors of (-1 - 0)/(6/(-918))?
3, 17
Let i = -5 + 11. Let x = -10 + i. Let s = 16 + x. List the prime factors of s.
2, 3
Suppose 21 = 6*x - 5*x. What are the prime factors of x?
3, 7
Let n(o) be the second derivative of -o**5/20 + o**4/4 + 2*o**3/3 - o**2 - 2*o. Let q be n(3). Suppose -c + q = 4*c. What are the prime factors of c?
2
Let f = 351 + -196. List the prime factors of f.
5, 31
Suppose -2*y - 4*u = -7*y + 115, -3*u = -5*y + 120. Let d be 87/y + (-2)/9. Suppose -36 = -d*o - 0*o. What are the prime factors of o?
2, 3
Let u = 1 + 4. Let y be 3/(-9) + 10/3. Suppose y*l = l - u*j - 1, -l = -3*j - 27. What are the prime factors of l?
2, 3
Let y(p) = 3*p**2 + 4. What are the prime factors of y(-3)?
31
What are the prime factors of (-2 - -5)*35 - -4?
109
Suppose -3*p + 4*d = 188, 2*p + 96 = 5*d - 27. Let f = -29 - p. List the prime factors of f.
5, 7
Let d be (-8)/(-2)*(-19)/4. Let g = -11 - d. List the prime factors of g.
2
Let y be (-6)/(-15) + (-76)/(-10). Let v(o) = -o**2 + 11*o - 9. What are the prime factors of v(y)?
3, 5
Let s(i) = 5*i - 10. Let r(x) = 3*x - 7. Let h(a) = 8*r(a) - 5*s(a). Let o(w) = -1. Let y(n) = -h(n) - 5*o(n). What are the prime factors of y(0)?
11
Suppose -4*p + 29 = -91. Suppose -j + p = 4*j. What are the prime factors of j?
2, 3
Suppose 0 = 7*f - 11*f + 544. What are the prime factors of f?
2, 17
Let j(u) = -u**3 + 8*u**2 - 10*u + 7. Let o be j(6). Let n = o + -7. What are the prime factors of n?
2, 3
Let r be ((-4)/10)/(2/10). Let g(i) = i**3 - 3*i**2 - i + 2. Let n be g(3). List the prime factors of n/r*4 - -7.
3
Let p(c) = -3*c + 2*c + 2*c - 2. Let g be p(5). Let m = 11 + g. What are the prime factors of m?
2, 7
Let y(f) = f + 1. Let n be y(3). Suppose 0 = 3*i - 3*h - 18, -n*i = -h - 7 - 23. List the prime factors of i.
2
Let t(n) = 12*n**2 - 7*n - 16. What are the prime factors of t(-3)?
113
Let p = 12 - 9. List the prime factors of (17 + -3)/(p/3).
2, 7
Let y(u) = 4*u**2 + 3*u - 1. List the prime factors of y(-7).
2, 3, 29
Let l be 2/(4/7)*2. Let m = 29 + l. List the prime factors of m.
2, 3
Let v = -7 + 12. Suppose 0 = -v*h + 14 + 1. List the prime factors of h.
3
List the prime factors of (0 - (-2 - -1))*28.
2, 7
What are the prime factors of 190/6 - 12/(-9)?
3, 11
Suppose u - 18 = -4*i, -2 = -i - 2*i + 5*u. Let n be i/22 - 62/(-22). What are the prime factors of 1/(136/(-46) + n)?
23
Let z(n) = 5*n**2 + 6*n - 3. Let l(m) = -4*m**2 - 6*m + 4. Let w(o) = 4*l(o) + 3*z(o). Let p(g) = 2*g + 6. Let v be p(-6). What are the prime factors of w(v)?
7
Let h(o) = 2*o**2 + 2*o - 2. Let n be h(-2). Suppose -2*k = -4*k + 24. Suppose 2*w - k = n. List the prime factors of w.
7
Let q(t) = -t**3 - 3*t**2 + 3*t - 2. Suppose 10 = -2*u + 2. Let s be q(u). What are the prime factors of ((-3)/2)/(s/(-4))?
3
Let x(l) = -44*l + 19. List the prime factors of x(-3).
151
Suppose 6*c + 565 = 5*n + c, -2*c = -4. What are the prime factors of n?
5, 23
What are the prime factors of ((-154)/28)/(2/(-20))?
5, 11
Suppose 7*l = 3*p + 2*l - 747, 3*l = -3*p + 723. What are the prime factors of 4/(-10) + p/10?
2, 3
Suppose 8*q - 30 = 3*q. Let a = q - 1. Suppose -a*f + 12 + 33 = 0. What are the prime factors of f?
3
Suppose y - 8 = -3*y. Suppose -y*f = 7*u - 2*u, -4*f + 2*u = 0. Suppose f = p + 2*p - 21. List the prime factors of p.
7
Suppose 0*j = 2*j - 100. Suppose 5*g - 21 = -s + 29, -4*g - j = -s. Suppose -s = -5*a + 10. What are the prime factors of a?
2, 3
Suppose 5*x - 41 = 3*u + 84, -3*x = -5*u - 59. List the prime factors of x.
2, 7
Let o be 2/(-4) + 14/4. Suppose p - 5*b = 5*p + 5, 0 = -2*p - 4*b - 10. Suppose o*d - 4*l = 31, p*l - l = -5*d + 41. List the prime factors of d.
3
Let s be (-4)/(-3 + (-11)/(-4)). Let l = s - 7. What are the prime factors of l?
3
Let t be 2/7 - 23/7. Let a = 12 + t. What are the prime factors of ((-38)/(-10))/(a/45)?
19
Let t(u) = u**2 - 11*u - 14. Let s be t(12). What are the prime factors of s/(-6) - (-29)/3?
2, 5
Let g be (156/(-18))/(2/15). What are the prime factors of (-13 - g) + (-4)/2?
2, 5
Suppose 0 = 4*i - 0*i - 4. Let c = i - -2. Let q = 6 - c. List the prime factors of q.
3
Let b be (-2)/(-8) + 142/8. Let c be 22/6 - (-6)/b. Suppose 0 = n + 2*z - 9, -15 = 4*n - 5*n - c*z. What are the prime factors of n?
3
Let d be (4 - 8) + -73 - 1. What are the prime factors of 4/8 + d/(-4)?
2, 5
Let q(l) = -l**3 - l**2 - l - 3. Let x be q(0). List the prime factors of -3 - (-1 + -13 + x).
2, 7
Let j be (-132)/18*(-27)/(-6). Let s = 69 + j. List the prime factors of s.
2, 3
Let y(t)